mber?
False
Is 61179 composite?
True
Is 206009 a prime number?
True
Is 40295 composite?
True
Is 16087 prime?
True
Is 298327 prime?
True
Is 15161 composite?
False
Is 19814 prime?
False
Is 7349 a composite number?
False
Is 9895 a prime number?
False
Is 92747 a prime number?
False
Is 291721 prime?
True
Is 8737 a composite number?
False
Is 273457 a prime number?
True
Is 9791 composite?
False
Is 4321 prime?
False
Is 2665619 prime?
False
Is 2508733 a prime number?
False
Is 107507 a composite number?
False
Is 2021245 prime?
False
Is 29917 a prime number?
True
Is 31129 composite?
True
Is 1329307 a prime number?
False
Is 6743 a composite number?
True
Is 863 a composite number?
False
Is 1376443 composite?
False
Is 2267971 prime?
True
Is 15362 a composite number?
True
Is 11311 a prime number?
True
Is 87119 composite?
False
Is 109009 prime?
False
Is 1418 a prime number?
False
Is 46229 composite?
False
Is 144517 a prime number?
False
Is 2789 a composite number?
False
Is 149185 composite?
True
Is 47237 a prime number?
True
Is 1759391 prime?
False
Is 1664126 composite?
True
Is 159899 composite?
False
Is 426953 prime?
False
Is 431857 a composite number?
False
Is 185773 composite?
True
Is 42281 composite?
False
Is 17729 composite?
False
Is 2721 prime?
False
Is 465407 prime?
True
Is 3648713 composite?
True
Is 261293 a prime number?
False
Is 2061803 a composite number?
True
Is 662062 a prime number?
False
Is 3638171 prime?
True
Is 2053 prime?
True
Is 2794315 a prime number?
False
Is 6421 prime?
True
Is 91313 composite?
True
Is 55049 a composite number?
False
Is 6029 prime?
True
Is 2669 prime?
False
Is 2722 prime?
False
Is 1750493 prime?
True
Is 2579 a prime number?
True
Is 453337 a prime number?
False
Is 1388935 a composite number?
True
Is 445337 a composite number?
True
Is 5293 prime?
False
Is 24935 a prime number?
False
Is 1643 composite?
True
Is 64151 prime?
True
Is 5815 composite?
True
Is 326309 a prime number?
True
Is 18295 prime?
False
Is 2740627 a prime number?
False
Is 273287 composite?
True
Is 723863 a prime number?
False
Is 6491 a composite number?
False
Is 47501 a prime number?
True
Is 473899 a composite number?
False
Is 41641 composite?
False
Is 152585 prime?
False
Is 169183 prime?
False
Is 42857 a composite number?
True
Is 396023 a prime number?
False
Is 6311 prime?
True
Is 27167 a composite number?
True
Is 7726 composite?
True
Is 166409 composite?
False
Is 59303 composite?
True
Is 171007 prime?
True
Is 5507 a prime number?
True
Is 29551 a composite number?
True
Is 958319 a prime number?
True
Is 233785 a prime number?
False
Is 66959 a composite number?
False
Is 25394 prime?
False
Is 17623 prime?
True
Is 5833 composite?
True
Is 9149 prime?
False
Is 226887 prime?
False
Is 447067 a prime number?
True
Is 56273 prime?
False
Is 146891 prime?
True
Is 355933 composite?
False
Is 82981 a prime number?
True
Is 2999 a composite number?
False
Is 307 composite?
False
Is 1650263 a composite number?
False
Is 322769 composite?
False
Is 146447 a composite number?
True
Is 907 prime?
True
Is 6731 composite?
True
Is 390647 composite?
False
Is 774427 a composite number?
False
Is 5965477 prime?
False
Is 11103 prime?
False
Is 40735 prime?
False
Is 72847 composite?
True
Is 11278 a composite number?
True
Is 635 a composite number?
True
Is 1602241 a prime number?
True
Is 11311 a prime number?
True
Is 62849 a prime number?
False
Is 10121 a composite number?
True
Is 338407 prime?
True
Is 1623 composite?
True
Is 1942 composite?
True
Is 24397 a prime number?
False
Is 138169 a prime number?
False
Is 37273 a composite number?
False
Is 1384649 a composite number?
True
Is 12281 a prime number?
True
Is 929381 prime?
True
Is 177319 a composite number?
False
Is 358049 a composite number?
True
Is 739549 a composite number?
False
Is 46907 a composite number?
True
Is 184993 prime?
True
Is 41758 prime?
False
Is 150767 a composite number?
False
Is 80819 prime?
True
Is 140979 prime?
False
Is 9221 composite?
False
Is 778709 a composite number?
False
Is 8999 composite?
False
Is 36217 prime?
True
Is 8329 a prime number?
True
Is 12071 a composite number?
False
Is 156781 composite?
False
Is 73077 a prime number?
False
Is 3079 prime?
True
Is 13813 a prime number?
False
Is 454873 composite?
True
Is 23417 prime?
True
Is 6463 a prime number?
False
Is 3314 a prime number?
False
Is 23523 a composite number?
True
Is 815 a prime number?
False
Is 778903 composite?
False
Is 298397 a composite number?
True
Is 72587 prime?
False
Is 22199 composite?
True
Is 93187 a prime number?
True
Is 3183 composite?
True
Is 355177 prime?
False
Is 144379 a composite number?
False
Is 467119 composite?
False
Is 133174 a composite number?
True
Is 289717 prime?
True
Is 4694 composite?
True
Is 2362 prime?
False
Is 349521 prime?
False
Is 1156413 prime?
False
Is 117071 a composite number?
False
Is 16871 a composite number?
False
Is 47051 composite?
False
Is 53479 composite?
False
Is 717137 a composite number?
True
Is 181067 a prime number?
False
Is 124511 a composite number?
True
Is 499 prime?
True
Is 23339 a prime number?
True
Is 399851 composite?
False
Is 11587 a composite number?
False
Is 7411 composite?
False
Is 19031 prime?
True
Is 3143 prime?
False
Is 225809 prime?
True
Is 15559 prime?
True
Is 1916687 a prime number?
True
Is 14369 a prime number?
True
Is 26759 composite?
False
Is 69191 a composite number?
False
Is 238711 a prime number?
False
Is 110065 composite?
True
Is 12734 prime?
False
Is 5534 a prime number?
False
Is 488747 a prime number?
False
Is 495877 a prime number?
True
Is 122267 a composite number?
False
Is 885839 a prime number?
True
Is 26479 composite?
False
Is 191 prime?
True
Is 96821 composite?
False
Is 125549 composite?
True
Is 12313 a composite number?
True
Is 25523 a prime number?
True
Is 84947 a prime number?
True
Is 58657 composite?
False
Is 828049 a composite number?
True
Is 8519 composite?
True
Is 172583 composite?
False
Is 8179 a composite number?
False
Is 29347 a composite number?
False
Is 15349 a prime number?
True
Is 321941 a composite number?
True
Is 737479 a prime number?
True
Is 175033 prime?
False
Is 23663 prime?
True
Is 20131 a prime number?
False
Is 88267 prime?
False
Is 24317 a composite number?
False
Is 5873 a composite number?
True
Is 178681 a prime number?
True
Is 10037 a composite number?
False
Is 206399 a composite number?
False
Is 131354 composite?
True
Is 5837 composite?
True
Is 32989 a composite number?
True
Is 55511 a composite number?
False
Is 2991 composite?
True
Is 3513 a prime number?
False
Is 113447 composite?
True
Is 158443 composite?
False
Is 3659 a composite number?
False
Is 165241 a composite number?
True
Is 204913 a prime number?
True
Is 4410121 a composite number?
False
Is 278459 a prime number?
True
Is 401161 prime?
True
Is 5261 a prime number?
True
Is 379409 a composite number?
True
Is 195659 a composite number?
False
Is 33287 prime?
True
Is 30815 a prime number?
False
Is 18539 a composite number?
False
Is 102031 composite?
False
Is 374691 a prime number?
False
Is 83705 a prime number?
False
Is 8751 composite?
True
Is 143387 prime?
True
Is 220123 composite?
False
Is 112741 prime?
True
Is 9533 composite?
False
Is 284521 a prime number?
True
Is 4187 a prime number?
False
Is 2933 composite?
True
Is 7783 a prime number?
False
Is 381 a prime number?
False
Is 4903 a prime number?
True
Is 12449 a prime number?
False
Is 148229 composite?
False
Is 2597003 composite?
True
Is 15101 a prime number?
True
Is 39635 a prime number?
False
Is 732341 a prime number?
False
Is 1291139 composite?
False
Is 34631 prime?
True
Is 358471 a composite number?
False
Is 2321 a prime number?
False
Is 91331 composite?
False
Is 405323 composite?
False
Is 444607 prime?
True
Is 33823 prime?
False
Is 1563766 a composite number?
True
Is 251917 prime?
True
Is 20158 prime?
False
Is 315026 composite?
True
Is 18041 prime?
True
Is 171287 composite?
True
Is 373985 a prime number?
False
Is 38523 a prime number?
False
Is 23401 a composite number?
True
Is 2921321 a composite number?
True
Is 659 prime?
True
Is 23503 a composite number?
True
Is 380941 a composite number?
True
Is 3109 prime?
True
Is 1517 a prime number?
False
Is 67331 composite?
True
Is 417101 composite?
True
Is 2333 prime?
True
Is 13979 a prime nu